{"id":118,"date":"2020-08-22T21:53:16","date_gmt":"2020-08-22T21:53:16","guid":{"rendered":"https:\/\/grupor124.com\/?post_type=product&#038;p=118"},"modified":"2026-04-09T05:34:46","modified_gmt":"2026-04-09T05:34:46","slug":"media-reparacion-2","status":"publish","type":"product","link":"https:\/\/grupor124.com\/dieselbajio\/producto\/media-reparacion-2\/","title":{"rendered":"Media Reparaci\u00f3n ISX EGR 150 mm (Pro)"},"content":{"rendered":"","protected":false},"excerpt":{"rendered":"<p>Media Reparaci\u00f3n ISX EGR 150 mm (Pro)<\/p>\n<p>Marca CUMMINS<\/p>\n<p>Incluye:Kit de camisa, kit de pist\u00f3n, metales de biela y bancada,juego de juntas superior, junta de c\u00e1rter, anillos,v\u00e1lvula de presi\u00f3n relief, filtro de combustible y aceite,perno alta temperatura,tornillo hexagonal,cabeza de brida, rociadores<\/p>\n<p>Env\u00edo a TODO M\u00e9xico<\/p>\n<p>**IVA incluido<\/p>\n","protected":false},"featured_media":741,"comment_status":"open","ping_status":"closed","template":"","meta":[],"product_brand":[],"product_cat":[18,97],"product_tag":[23,34,36,31,27,26],"class_list":{"0":"post-118","1":"product","2":"type-product","3":"status-publish","4":"has-post-thumbnail","6":"product_cat-cummins","7":"product_cat-medias-completas","8":"product_tag-cummins","9":"product_tag-dieselbajio","10":"product_tag-egr","11":"product_tag-isx","12":"product_tag-mediareparacion","13":"product_tag-overhaul","15":"first","16":"instock","17":"taxable","18":"shipping-taxable","19":"purchasable","20":"product-type-simple"},"_links":{"self":[{"href":"https:\/\/grupor124.com\/dieselbajio\/wp-json\/wp\/v2\/product\/118","targetHints":{"allow":["GET"]}}],"collection":[{"href":"https:\/\/grupor124.com\/dieselbajio\/wp-json\/wp\/v2\/product"}],"about":[{"href":"https:\/\/grupor124.com\/dieselbajio\/wp-json\/wp\/v2\/types\/product"}],"replies":[{"embeddable":true,"href":"https:\/\/grupor124.com\/dieselbajio\/wp-json\/wp\/v2\/comments?post=118"}],"wp:featuredmedia":[{"embeddable":true,"href":"https:\/\/grupor124.com\/dieselbajio\/wp-json\/wp\/v2\/media\/741"}],"wp:attachment":[{"href":"https:\/\/grupor124.com\/dieselbajio\/wp-json\/wp\/v2\/media?parent=118"}],"wp:term":[{"taxonomy":"product_brand","embeddable":true,"href":"https:\/\/grupor124.com\/dieselbajio\/wp-json\/wp\/v2\/product_brand?post=118"},{"taxonomy":"product_cat","embeddable":true,"href":"https:\/\/grupor124.com\/dieselbajio\/wp-json\/wp\/v2\/product_cat?post=118"},{"taxonomy":"product_tag","embeddable":true,"href":"https:\/\/grupor124.com\/dieselbajio\/wp-json\/wp\/v2\/product_tag?post=118"}],"curies":[{"name":"wp","href":"https:\/\/api.w.org\/{rel}","templated":true}]}}